multiple of 20?
True
Is 1476618 a multiple of 22?
True
Does 82 divide 6279683?
False
Is 407052 a multiple of 9?
True
Is 136 a factor of 506495?
False
Is 1351935 a multiple of 4?
False
Does 473 divide 2984157?
True
Is 126 a factor of 91973?
False
Is 13 a factor of 263591?
False
Is 285390 a multiple of 302?
True
Does 5 divide 55765?
True
Is 40 a factor of 1097745?
False
Does 417 divide 2064567?
True
Is 224 a factor of 731158?
False
Does 25 divide 134475?
True
Is 2254232 a multiple of 8?
True
Does 47 divide 168196?
False
Is 12 a factor of 6051939?
False
Is 8735693 a multiple of 689?
False
Is 8 a factor of 191024?
True
Is 315628 a multiple of 38?
True
Is 15370192 a multiple of 5?
False
Is 37 a factor of 1244831?
False
Is 26 a factor of 78259?
False
Is 1347896 a multiple of 1336?
False
Is 128 a factor of 147712?
True
Does 117 divide 761554?
False
Is 151215 a multiple of 2?
False
Is 71 a factor of 646199?
False
Is 412243 a multiple of 29?
False
Is 84363 a multiple of 6?
False
Is 12 a factor of 4314704?
False
Does 27 divide 26899?
False
Does 20 divide 11648?
False
Does 38 divide 6310394?
True
Is 219 a factor of 29318?
False
Is 87757 a multiple of 6?
False
Does 12 divide 79620?
True
Is 20 a factor of 966793?
False
Does 249 divide 239401?
False
Is 54 a factor of 2143746?
True
Is 150071 a multiple of 10?
False
Is 20806 a multiple of 206?
True
Is 1820878 even?
True
Does 100 divide 305082?
False
Is 57 a factor of 3453801?
True
Does 92 divide 1956635?
False
Is 28 a factor of 130933?
False
Is 1512756 a multiple of 81?
True
Is 35184 a multiple of 48?
True
Is 25143255 a multiple of 45?
True
Is 38 a factor of 19038?
True
Is 352 a factor of 57728?
True
Is 17 a factor of 1619301?
True
Does 18 divide 3348?
True
Does 124 divide 21576?
True
Is 15 a factor of 101595?
True
Is 42350 a multiple of 10?
True
Does 28 divide 211092?
True
Is 310122 a multiple of 27?
True
Is 1269968 a multiple of 464?
True
Is 594300 a multiple of 22?
False
Is 1659339 a multiple of 688?
False
Does 5 divide 1585427?
False
Is 56 a factor of 48734?
False
Is 869652 a multiple of 203?
True
Does 5 divide 11119854?
False
Is 35128 a multiple of 12?
False
Is 12 a factor of 20448?
True
Does 22 divide 91696?
True
Is 184296 a multiple of 56?
True
Is 52 a factor of 118966?
False
Is 155350 a multiple of 245?
False
Does 554 divide 5490694?
True
Is 25 a factor of 918750?
True
Is 662 a factor of 1155852?
True
Is 705 a factor of 1687988?
False
Is 66 a factor of 8289996?
True
Does 433 divide 3054815?
True
Is 1657967 a multiple of 198?
False
Is 28200 a multiple of 3?
True
Is 170016 a multiple of 48?
True
Is 7 a factor of 1770972?
True
Is 24 a factor of 6254956?
False
Is 11 a factor of 471417?
False
Is 3308800 a multiple of 16?
True
Does 20 divide 337160?
True
Is 80 a factor of 340080?
True
Is 208189 a multiple of 61?
False
Is 124 a factor of 899111?
False
Does 186 divide 70122?
True
Is 404504 a multiple of 857?
True
Is 390081 a multiple of 105?
False
Does 211 divide 319810?
False
Does 30 divide 100560?
True
Is 28 a factor of 261828?
True
Is 1543124 a multiple of 44?
True
Is 98016 a multiple of 89?
False
Does 581 divide 1180680?
False
Does 325 divide 730275?
True
Is 1183661 a multiple of 129?
False
Is 5711792 a multiple of 656?
True
Is 539 a factor of 1912482?
False
Is 610331 a multiple of 24?
False
Is 19 a factor of 982868?
False
Does 1294 divide 1881476?
True
Is 18 a factor of 165906?
True
Is 60313 a multiple of 75?
False
Is 9 a factor of 1714300?
False
Does 13 divide 57973?
False
Is 50 a factor of 923550?
True
Does 24 divide 27926543?
False
Is 340 a factor of 179875?
False
Is 212556 a multiple of 36?
False
Is 107 a factor of 72118?
True
Does 180 divide 5211540?
True
Is 28 a factor of 233802?
False
Is 28098881 a multiple of 17?
False
Is 10 a factor of 1298163?
False
Does 628 divide 1079410?
False
Is 1574460 a multiple of 30?
True
Is 7305999 a multiple of 1063?
True
Does 740 divide 717800?
True
Is 871 a factor of 8497476?
True
Does 9 divide 96138?
True
Is 94 a factor of 21137?
False
Is 136 a factor of 39848?
True
Is 262119 a multiple of 33?
True
Does 36 divide 12866?
False
Is 103 a factor of 2033497?
False
Does 7 divide 62216?
True
Is 32 a factor of 8420376?
False
Is 35934756 a multiple of 516?
True
Is 235 a factor of 17115285?
True
Is 7431837 a multiple of 21?
True
Is 1762254 a multiple of 78?
True
Is 79488 a multiple of 144?
True
Does 412 divide 1313456?
True
Is 21 a factor of 898548?
True
Does 2555 divide 1281629?
False
Does 38 divide 127794?
True
Is 227848 a multiple of 38?
True
Does 29 divide 1302854?
True
Does 39 divide 3338189?
False
Is 27 a factor of 92421?
True
Is 322760 a multiple of 521?
False
Does 270 divide 4973447?
False
Does 815 divide 792180?
True
Does 8 divide 1024893?
False
Does 17 divide 2279207?
True
Is 231 a factor of 197695?
False
Does 167 divide 426017?
True
Is 133020 a multiple of 15?
True
Does 377 divide 944385?
True
Does 313 divide 1164074?
False
Is 30 a factor of 4050?
True
Is 2 a factor of 35370?
True
Is 43 a factor of 123238?
True
Is 408 a factor of 1198296?
True
Is 407 a factor of 800685?
False
Is 24 a factor of 238162?
False
Is 851652 a multiple of 1414?
False
Is 98 a factor of 526652?
True
Does 12 divide 254772?
True
Does 306 divide 2730132?
True
Is 15 a factor of 438270?
True
Does 9 divide 8621872?
False
Is 629142 a multiple of 69?
True
Does 32 divide 21552?
False
Is 2157920 a multiple of 80?
True
Does 8 divide 197818?
False
Is 10698004 a multiple of 59?
False
Is 3 a factor of 101066?
False
Does 133 divide 175230?
False
Is 93227 a multiple of 54?
False
Is 7891 a multiple of 13?
True
Is 63 a factor of 39312?
True
Does 1004 divide 8291473?
False
Is 663212 a multiple of 621?
False
Does 76 divide 495140?
True
Does 459 divide 52326?
True
Does 239 divide 165866?
True
Is 255455 a multiple of 63?
False
Is 17 a factor of 18400766?
True
Is 127 a factor of 1853004?
False
Is 229671 even?
False
Is 8 a factor of 4720939?
False
Does 30 divide 4928970?
True
Is 39 a factor of 6022302?
True
Does 11 divide 2843148?
True
Is 61 a factor of 744972?
False
Is 51 a factor of 365007?
True
Does 32 divide 1385152?
True
Is 120621 a multiple of 169?
False
Is 1313340 a multiple of 42?
True
Does 52 divide 600728?
False
Is 317 a factor of 46223?
False
Is 1805144 a multiple of 73?
True
Is 31 a factor of 118916?
True
Is 9 a factor of 45567?
True
Does 127 divide 294005?
True
Is 7536 a multiple of 3?
True
Is 2021478 a multiple of 506?
False
Does 8 divide 207350?
False
Is 189755 a multiple of 5?
True
Does 3 divide 3499789?
False
Does 70 divide 87010?
True
Is 58 a factor of 328106?
True
Is 157289 a multiple of 79?
True
Is 180095 a multiple of 995?
True
Is 109575 a multiple of 225?
True
Is 4917421 a multiple of 358?
False
Is 2877252 a multiple of 42?
True
Is 11 a factor of 338712?
True
Is 1336111 a multiple of 391?
False
Is 4 a factor of 9012?
True
Is 62 a factor of 1042703?
False
Does 19 divide 713507?
True
Is 168 a factor of 4723824?
True
Is 2788915 a multiple of 144?
False
Is 187 a factor of 8841402?
False
Is 10 a factor of 336110?
True
Does 8 divide 4473440?
True
Is 150 a factor of 301902?
False
Is 8 a factor of 3417917?
False
Does 895 divide 3101153?
False
Is 1911680 a multiple of 80?
True
Is 36 a factor of 460330?
False
Is 15 a factor of 4166386?
False
Is 66 a factor of 750288?
True
Is 97 a factor of 19277?
False
Is 4431651 even?
False
Is 830548 a multiple of 89?
True
Does 272 divide 3631472?
True
Is 1554 a factor of 10421124?
True
Does 13 divide 149974?
False
Is 60800 a multiple of 950?
True
Is 16 a factor of 71920?
True
Is 307027 a multiple of 161?
True
Does 564 divide 3336016?
False
Is 13 a factor of 250293?
False
Does 368 divide 524484?
False
Does 15 divide 108275?
False
Is 73147 a multiple of 72?
False
Does 134 divide 106440?
False
Is 415675 a multiple of 25?
True
Is 1201 a factor of 18719227?
False
Does 14 divide 138166?
True
Does 284 divide 4248958?
False
Is 11 a factor of 41789?
True
Does 35 divide 410775?
False
Is 67 a factor of 1030331?
False
Does 18 divide 154659?
False
Is 808192 a multiple of 321?
False
Is 2112902 a multiple of 53?
False
Does 41 divide 1491744?
True
Does 15 divide 9464115?
True
Is 392770 a multiple of 14?
True
Is 598678 a multiple of 254?
True
Does 25 divide 599680?
False
Is 15 a